 is the hundreds digit of l?
1
Let n(z) = -22*z + 5. Let o be n(6). Let c = o + 75. Let l = c - -77. What is the tens digit of l?
2
Let k(u) be the third derivative of -11*u**4/6 + u**3/3 + 3*u**2. What is the tens digit of k(-1)?
4
Let a = -425 + 778. What is the hundreds digit of a?
3
Let s = -48 - -33. What is the units digit of 36/(-7)*(-1 - (-55)/s)?
4
Let t(h) = 6 - 2 - h + 4*h - 2. What is the units digit of t(4)?
4
Suppose a + 4 = 8. Suppose -4*d + 696 = a*j, 391 + 295 = 4*j - d. What is the tens digit of j?
7
Let a(q) = -330*q - 6. Let t be a(-2). What is the units digit of ((-10)/30)/((8/t)/(-4))?
9
Suppose 0 = -3*u + 4*v + 5, 4*v + 0 = 4. Let d be (u/(-1))/(18/(-24)). Suppose -i = -4*l + 8, l + 55 = d*i + i. What is the tens digit of i?
1
Let l = 13 - 9. Let n = -6 + l. Let g = n - -23. What is the tens digit of g?
2
Let m be 24/(-18)*-3*1. Suppose -m - 36 = 4*k - 5*b, b = -3*k - 30. Let j(o) = o**3 + 10*o**2 + o + 12. What is the units digit of j(k)?
2
Suppose -a + 2*r = -318, -954 = -3*a - 0*a - 5*r. What is the tens digit of a?
1
Let r = -5 + 11. Suppose 0 = 4*w + z - 3, 3*z = -2*w + z - r. Let c(f) = 5*f**3 - f**2 + f - 1. What is the units digit of c(w)?
7
Let y(m) = -3*m - 11. Let z be y(-5). Let d = 2 - -1. Suppose 4*h = -z*n + 24, 5*n - 12 = d*h - 46. What is the units digit of h?
8
Let b(u) be the second derivative of -u**3/3 + 5*u. Let p be b(2). What is the units digit of 18/p*24/(-18)?
6
Suppose -3*o + 3*s = -7*o + 2738, s + 3432 = 5*o. What is the units digit of o?
6
Let g = 4587 - 3011. Suppose 11*y - 459 - g = 0. What is the tens digit of y?
8
Suppose -5*l = -2*l + 90. What is the units digit of 2420/l*9/(-3)?
2
Suppose -2*l + 45 = -71. Let m be ((-69)/15 - -7) + 2/(-5). Suppose 2*b - y - l = -m*b, -5*y = 2*b - 18. What is the tens digit of b?
1
Let f(o) = -o**2 + 11*o + 1. Let l = 14 + -6. Let y be f(l). Let j = y - -6. What is the tens digit of j?
3
Let v = 6050 + -3566. What is the tens digit of v?
8
Let u be -2*(-2)/12*-15. Let d be (16/(-1))/(u/10). Suppose 5*x - 7*x + d = 0. What is the units digit of x?
6
What is the thousands digit of (-31948)/(-22) + 450/(-55) + 8?
1
Let a be 4/((-8)/(-180)*3). Suppose 5*d = -a + 10. What is the tens digit of 3/d + 1113/28?
3
Let b = -27 - -31. Suppose -4*i = -2*k + k, -20 = -b*i. What is the units digit of k?
0
Suppose -42 = m - 191. Let y = 130 + -52. Let i = m - y. What is the tens digit of i?
7
Let a = 47 - 42. Suppose 0 = 2*z + m + m - 162, -z = -a*m - 81. What is the tens digit of z?
8
Suppose -217 - 173 = -2*i. Suppose 0 = 2*d - 5*d + i. What is the units digit of d?
5
Let t(i) = -i**2 + 10*i - 15. Let m be t(6). Let o(b) = b + 6. What is the tens digit of o(m)?
1
Let o = -116 + 116. Suppose j + 5*g - 26 = -o, -4*j + 5*g = -29. What is the tens digit of j?
1
Suppose 3*q = -201 - 111. Let l = q - -182. Suppose -l = 3*d - 6*d. What is the units digit of d?
6
What is the hundreds digit of (-16393)/(-6 + -7) - -3*2?
2
Suppose -14 - 18 = 4*s. Let z = s - -13. Suppose 0 = -5*q + 20, -z*q = 2*g + 3*g - 115. What is the units digit of g?
9
Let a(b) = -19 + 20 - 91*b**2 + 92*b**2 - b + 22 + b**3. What is the tens digit of a(0)?
2
Let n(b) = -b**3 + 5*b**2 + 6*b + 1. Let v be n(7). Let d = v + 30. Let g = d - -48. What is the tens digit of g?
2
Let a(u) = 103*u + 25. What is the units digit of a(8)?
9
Suppose -2*u - 6 = 4*o, 8*o - 5*u = 4*o + 29. What is the tens digit of o/(-8)*-6 + (-402)/(-8)?
5
Suppose 4*b = 2*u - 6, 0 = 5*u - b - 4*b - 20. Suppose 4*l = -j + 437, 4*l + 40 - 465 = -u*j. Suppose -29 + l = 3*z. What is the tens digit of z?
2
Let u be (-12)/(-18)*18/4. Suppose u*m = -0*m - 27. What is the units digit of m/(-6)*(-32)/(-12)?
4
Let i(x) = -x**2 + 10*x - 19. Let o be i(5). Let s be 6 - 2*2/4. Suppose w - o = -s*h + h, -4*h + 12 = -2*w. What is the units digit of h?
2
Let o = 22 - 35. Let d = 88 + o. What is the units digit of d?
5
Suppose r = -5, -9*t = -8*t + 3*r - 2412. What is the tens digit of t?
2
Suppose 2*w + 2*q + 70 = 4*w, 5*w - 145 = -5*q. Suppose 0*l - 2*x + w = 2*l, -5*l + x = -92. What is the tens digit of l - -3 - (-2 - -2)?
2
Let m = -35 - -34. What is the units digit of (-15)/(35/(-20) - m)?
0
Suppose k + 93 = 289. Let r = 374 - k. What is the units digit of r?
8
Let u = 1 + 3. Let p(q) be the third derivative of q**6/120 - q**5/30 - 7*q**4/24 + 5*q**3/6 - 3*q**2. What is the units digit of p(u)?
9
Suppose -5*v - 4*c - 436 = 0, 4*c - 4 = -0*c. Let j = v + 146. What is the units digit of j?
8
Let x = -1347 + 1635. What is the hundreds digit of x?
2
Let y = 505 + -375. What is the units digit of y?
0
Let a(c) = c**3 - 20*c**2 + 36*c + 86. What is the hundreds digit of a(25)?
1
Let j(b) = b**3 + 6*b**2 - 9*b - 16. Suppose 0 = -10*n + 3*n - 42. What is the units digit of j(n)?
8
Suppose 2004 = 17*d - 3521. What is the hundreds digit of d?
3
Let s = -3087 + 4555. What is the units digit of s?
8
Let r(b) be the third derivative of b**6/10 - b**5/20 + b**4/4 - b**3/2 + 22*b**2. What is the units digit of r(2)?
3
Suppose -2*v + 3*x + 642 = 4*x, 3*v - 941 = 4*x. What is the hundreds digit of v?
3
Suppose -j + 927 = 3*y, 47 = -y + 2*j + 363. What is the units digit of y?
0
Suppose -2*v - c - 21 + 61 = 0, v - 2*c - 10 = 0. Let n = -16 + v. Suppose 4*a + 26 = n*u + a, 3*a = 5*u - 65. What is the tens digit of u?
1
Let g be 1/(-2) - 105/(-42). Suppose -5*u + 1027 = 2*f, 5*u - g*f = 489 + 534. What is the units digit of u?
5
Let n(v) = 45*v - 96*v + 11*v**2 + 56*v - 3. What is the tens digit of n(-4)?
5
Let h be (-204)/30 + 2/(-10). Let v(l) = 2*l**2 + 8*l - 8. What is the units digit of v(h)?
4
Suppose 21*c - 182 = 14*c. Let m(d) = d**2 + 8*d. Let l be m(-4). Let t = l + c. What is the units digit of t?
0
Suppose 95831 + 62702 = 59*g. What is the units digit of g?
7
Suppose 98*h + 283 = 99*h. What is the units digit of h?
3
Suppose 9 - 6 = 3*t. Let p be t + (4/(-2) - -11). Suppose -4*n = -14 - p. What is the units digit of n?
6
Suppose -5*m - 5*o + 4820 = 0, -o = -19 + 22. What is the tens digit of m?
6
Let p be (-5*6/5)/((-2)/6). What is the tens digit of 231 - (p/5 + 32/80)?
2
Let l = -7 + 7. Let v be 0 + (4 - (l - -1)). Suppose 120 = v*z + z. What is the units digit of z?
0
Suppose -444 - 498 = -2*i. What is the hundreds digit of i?
4
Let g(x) = -9*x - 2. Let f be g(-4). Let v = 97 - f. What is the units digit of v?
3
Let q(s) = 2*s**3 - 9*s**2 + 10*s + 10. What is the tens digit of q(8)?
3
Let s = -31 - -176. What is the hundreds digit of s?
1
Let l = 21 - 39. Let q = l - -48. What is the units digit of q?
0
Let z = -2 - 0. Let p be (-900)/8 - (-3)/z. What is the units digit of ((-2)/(-3))/((-4)/p)?
9
Let m(j) = -j**3 + 15*j**2 + 16*j + 7. Let c be m(16). Let u(p) = -p + 7. Let i be u(c). Suppose i = 6*x - x - 235. What is the tens digit of x?
4
Suppose -8*s + 440 = -3*s. Suppose s = -11*q + 1056. What is the units digit of q?
8
Suppose -5*y + 30*p - 26*p = -7140, 2*p - 10 = 0. What is the tens digit of y?
3
Let a = 142 + 158. What is the tens digit of a?
0
Suppose -10*s + 5*s + 60 = 0. Suppose 0 = -b - 0 + 1. What is the units digit of 18*(4/s)/b?
6
Let b be (1 - -23)*2/4. Suppose -i + 4*f = -b, 0 = -i + 2*f - 4 + 10. Suppose 4*n - 3*h - 92 = -5*h, 2*h + 4 = i. What is the tens digit of n?
2
Let s(g) = -g + 1. Let q be s(-5). What is the units digit of 27*(-2)/(q/(-25))?
5
Let r(s) = 3*s**2 - 3*s. Let o be r(3). Let t = o + -12. Let d = 33 + t. What is the units digit of d?
9
Suppose -12*f + 5*p - 135 = -11*f, 5*p = -2*f - 285. Let d = -98 - f. What is the tens digit of d?
4
Let d(w) = 18*w**3 - 3*w**2 + 8*w - 7. What is the hundreds digit of d(3)?
4
Let v = -4 + 19. Suppose 37 = 4*o - v. What is the units digit of o?
3
Let h be (-2 + 384)/((-6)/3). Let k = 371 + h. What is the units digit of k?
0
Let y(x) = -x**3 + 17*x**2 - 23*x + 18. Let n be y(15). Suppose n = -4*s + 311. What is the tens digit of s?
4
Suppose 16*s - 11832 = -8*s. What is the hundreds digit of s?
4
Suppose -q - 2*q = -12. Suppose -2*i + 62 + 200 = 0. Suppose 0 = -5*w - 4*u + i, q*w + 2*u - 3*u = 88. What is the tens digit of w?
2
Suppose 586 - 1731 = -5*b. What is the hundreds digit of b?
2
Suppose 3*t + t + 20 = 0. Let v(l) = 4*l**2 - 4*l. Let s(m) = -5*m**2 + 5*m. Let k(g) = 3*s(